common factor of j and 17?
17
Let b = -93 - -192. Let i(s) = s**2 - s - 3. Let y be i(3). Suppose y*n + 7 = 40. What is the highest common factor of n and b?
11
Let h(x) = 2*x**2 - x. Let t be h(-4). Let s = 4 - 1. Suppose 0*l - 57 = -5*o + l, -3*o + 45 = s*l. What is the greatest common factor of t and o?
12
Let y(m) = -7*m + 1. Let t be y(-1). What is the highest common factor of t and 2?
2
Suppose 4*q - 47 = -0*q - f, 52 = 5*q - f. Let j(v) = 3 - 2 - 29*v + 21*v. Let w be j(-4). What is the greatest common factor of q and w?
11
Let h be (10*(-3)/6)/(-1). Suppose 2*j + 2*j = -h*y - 7, -14 = -j + 4*y. Calculate the highest common divisor of 2 and j.
2
Let w(u) = u**2 + 5*u + 2. Let q be w(5). Calculate the greatest common divisor of q and 26.
26
Suppose 4*d - 23 = -7. Suppose -d*p = -0*p - 144. Calculate the greatest common factor of p and 9.
9
Suppose 35 = 3*w - 5*t - 45, 96 = 3*w + 3*t. Calculate the greatest common divisor of 45 and w.
15
Suppose 5 = s - 6*s, o - 4*s - 7 = 0. Suppose -o*j = 2*j - 60. Calculate the highest common divisor of j and 24.
12
Let h = 59 + -41. Suppose -3*x = -70 - 92. What is the greatest common divisor of x and h?
18
Suppose 0*l - 2*l + 18 = 0. What is the highest common divisor of 99 and l?
9
Suppose -s - 8 = -2*z, -z = -0*s - 2*s - 4. Calculate the highest common divisor of 32 and z.
4
Let t(j) = -j**3 + 6*j**2 + 4*j - 3. Let k be t(3). What is the greatest common factor of 108 and k?
36
Suppose 2*v = 87 - 7. Let k = -4 - -4. Let d be (-15)/9*(-3 + k). Calculate the greatest common factor of d and v.
5
Let q(w) = 11*w + 1. Let t be q(1). Calculate the greatest common factor of 84 and t.
12
Let k be (1 - 3)/((-4)/26). Let w(l) = 3*l**2 - l. Let m be w(-4). Calculate the greatest common factor of m and k.
13
Suppose -r + 3*r = 96. Calculate the greatest common factor of r and 12.
12
Let z = 4 - -8. Let i(y) = -20*y - 5. Let j be i(-2). Suppose -3*m + 69 = 5*l, 64 = 5*m + 3*l - j. Calculate the highest common divisor of z and m.
6
Let h be (-12)/(-8)*(-300)/(-9). Suppose -d + 60 = 2*d. Calculate the highest common factor of h and d.
10
Let v(t) = -t**2 + 10*t - 10. Let q be v(8). Suppose 3*j - 30 = 60. Calculate the highest common factor of q and j.
6
Let h(l) = -3*l + 11. Let u be h(0). What is the greatest common divisor of u and 11?
11
Let f = -36 - -48. What is the greatest common factor of f and 48?
12
Let s = 170 + -114. What is the highest common divisor of s and 14?
14
Let a be -2 + (4 - 1*-30). Let m be a/(-20)*(-35)/2. Calculate the greatest common factor of 70 and m.
14
Suppose -4*i - 5 - 3 = 0. Let j be 9*17 + i/(-2). What is the greatest common divisor of j and 14?
14
Let n(s) = 83*s**3 + s**2. Let x be n(1). Let m be ((-1)/(-3))/(2/x). What is the highest common divisor of 112 and m?
14
Let v be 0*(2 - 5)/3. Let l be -20*(v - 4/10). What is the highest common factor of 56 and l?
8
Let b(y) = y**2 + 4*y + 6. Let s be b(-5). Suppose -3*v + 5*z + 58 = 0, -v + 1 = -0*v + 2*z. Calculate the highest common factor of s and v.
11
Suppose 0 = -s + 5*s - 68. What is the greatest common factor of s and 136?
17
Let w be ((-2)/(-4))/((-2)/(-116)). Let x(d) = d**3 - d + 3. Let k be x(-3). Let z = w + k. What is the highest common factor of z and 8?
8
Suppose 0 = -2*n + k - 1 - 1, 24 = 4*n + 5*k. Let v be n*(-1 + 2) + 3. Suppose c = v*c - 33. What is the greatest common divisor of c and 44?
11
Suppose -3*r - p = 4*p - 23, 0 = 4*r + 2*p - 26. Calculate the greatest common divisor of 54 and r.
6
Suppose -2*j - 8 = 2. Let u = -3 - j. Let g be ((-3)/2)/(u/(-4)). Calculate the highest common factor of 21 and g.
3
Suppose -3*y + 3*x = -0*y + 15, x = 2. Let z be ((-2)/(-3))/(y/(-486)). Calculate the highest common divisor of z and 12.
12
Let v = -24 - -38. What is the highest common divisor of v and 14?
14
Suppose 0 = -2*p + p + 9. Let j(a) = -20*a + 1. Suppose -2*h = 10 - 2. Let o be j(h). Calculate the highest common factor of p and o.
9
Suppose -17 - 13 = -3*f. Let d(m) = 2*m**2 - 44*m - 56. Let j be d(24). Calculate the greatest common factor of f and j.
10
Let m(n) = 9*n**2 - 4*n + 2. Let c(r) = -4*r**2 - r + 1. Let u be c(1). Let v be m(u). Calculate the greatest common divisor of v and 18.
18
Suppose -3*w = -2 - 7. Suppose q - w*m - 19 = 2, 2*q - m = 27. Calculate the greatest common factor of q and 132.
12
Let f be 14*(-1 + -1)/(-1). Suppose -2*p = -0*p - f. Calculate the highest common factor of 154 and p.
14
Let r = -5 + 5. Suppose r*x = 2*x - 8. Suppose 2*k - 10 = x*q, 3 + 6 = k + 2*q. Calculate the greatest common divisor of k and 21.
7
Suppose -o + 37 = 5*d - 2*o, 3*o = -6. Suppose 2 + 2 = 2*j. Suppose j*n + 15 = d*n. Calculate the highest common factor of n and 33.
3
Let c = 37 - 25. Suppose 3*z - 120 = -5*l, 3*l - 7*l = c. Let g(i) = 5*i - 16. Let v be g(5). What is the greatest common divisor of v and z?
9
Suppose -24 = -4*t - 0*t. Let h(z) = -z. Let n be h(-4). Suppose -3*b - 2*y + 48 = 0, 17 = b - y - n. What is the greatest common divisor of b and t?
6
Let n(d) = -6*d**3 + 2*d**2 + 3*d + 2. Let a be n(-2). Suppose m - 23 = 5*i, i - a = -3*m - i. What is the highest common divisor of 12 and m?
6
Suppose 9*b = -274 + 841. Calculate the greatest common divisor of b and 9.
9
Suppose 5*m - 30 = -5*t, 3*m + 0*m = 6. Suppose 9 = t*f - 23. Let j be (-3 - -2)*(-9 + 1). What is the greatest common factor of f and j?
8
Let u be 21/2 - (-1)/2. Calculate the greatest common divisor of 22 and u.
11
Let m = -28 + 49. What is the greatest common factor of m and 147?
21
Let f(c) = -c + 4. Let d be f(2). What is the greatest common factor of d and 1?
1
Suppose 0*g + 4*g - 128 = 0. Calculate the greatest common factor of g and 64.
32
Suppose 0 = s - 0*s - 46. Let a = s + -26. Calculate the greatest common divisor of a and 40.
20
Let g(v) = -v - 9. Let m be g(-15). What is the greatest common divisor of 6 and m?
6
Suppose t - 10 = -3. Calculate the highest common divisor of t and 28.
7
Let s be (-300)/48*(-4)/1. Let o = 1 - -9. Calculate the greatest common divisor of s and o.
5
Let q(p) = 2*p**2 + 3*p - 2. Let o be q(1). Suppose -60 = 3*c - 231. Suppose -3 = -b, -6*w - 3*b = -2*w - c. What is the highest common divisor of w and o?
3
Let r(c) = -c**3 + 6*c**2 + 5*c - 2. Let x be r(3). Let h be (-6)/9 + x/6. Suppose v = -2*v + 18. What is the greatest common divisor of v and h?
6
Let h(v) = v**3 - 6*v**2 - 14. Let s be h(7). What is the highest common factor of s and 14?
7
Let m be (-424)/(-10) - 2/5. Suppose 0*w + 3*w = m. Calculate the highest common divisor of w and 112.
14
Let s = 32 + -4. Let i be (-2 + (-32)/(-20))*-10. What is the highest common factor of i and s?
4
Suppose 2*s - 5*w - 43 = 0, -3*w = -0*w + 15. Suppose -7 = -4*y + s. Calculate the greatest common factor of 44 and y.
4
Suppose 0 = -m + 3*m. Suppose 2*b + 7 = 3*h - 2*h, -h - 2*b + 15 = m. What is the highest common factor of 121 and h?
11
Let n be 8/(-10)*(-3 - 2). Suppose 0 = n*d - 31 - 1. Calculate the highest common divisor of 8 and d.
8
Suppose 4*f + 34 = 3*l, 2*f - 10 = -4*l + l. Suppose -l*m + 72 = 12. Calculate the highest common factor of m and 40.
10
Let q(b) = 7*b**2 + b - 2. Let v(t) = -t. Let j(k) = q(k) + 4*v(k). Let o be j(-3). Calculate the greatest common factor of o and 28.
14
Let n(f) = -13*f + 14. Let t be n(-4). What is the highest common divisor of t and 6?
6
Let g(a) = -1. Let r(i) = 2*i - 20. Let d(z) = -88*g(z) + 4*r(z). Let h be d(9). Calculate the greatest common factor of h and 8.
8
Let j = -1 + 4. Let y be 23*(j + -2) + -1. What is the highest common divisor of y and 33?
11
Let t(k) = k**3 + 8*k**2 + 8*k + 9. Let s be t(-7). Calculate the greatest common divisor of 10 and s.
2
Suppose 29 - 9 = -5*r. Let h(s) = -8*s + 4. Let f be h(r). What is the greatest common divisor of f and 4?
4
Let b(i) = -44*i - 4. Let c be b(5). Let m be ((-2)/(-4))/((-2)/c). What is the highest common factor of 14 and m?
14
Let h be 4/(-10) - (-42)/5. Suppose -w = -4*s + 6, 2*w - h = -s - 2. What is the greatest common factor of 14 and w?
2
Let n = 4 - 2. Let k(h) = 2*h**2. Let z be k(-2). Let w = 22 - z. What is the greatest common divisor of n and w?
2
Let y(s) = -s**3 + 12*s**2 - 8*s + 9. Let p be y(11). Calculate the highest common divisor